n 1203130 is divided by 14?
12
Calculate the remainder when 22701 is divided by 284.
265
Calculate the remainder when 21104 is divided by 9.
8
What is the remainder when 20658 is divided by 17?
3
Calculate the remainder when 79570 is divided by 7233.
7
Calculate the remainder when 5467 is divided by 1778.
133
Calculate the remainder when 19171 is divided by 127.
121
Calculate the remainder when 8708 is divided by 324.
284
What is the remainder when 596260 is divided by 198738?
46
Calculate the remainder when 76482 is divided by 1108.
30
What is the remainder when 58692 is divided by 13?
10
Calculate the remainder when 211968 is divided by 70656.
0
What is the remainder when 33 is divided by 2?
1
Calculate the remainder when 14433 is divided by 14.
13
What is the remainder when 3953 is divided by 5?
3
Calculate the remainder when 3601 is divided by 3375.
226
What is the remainder when 8711 is divided by 93?
62
What is the remainder when 208291 is divided by 5?
1
What is the remainder when 3685497 is divided by 405?
402
Calculate the remainder when 1165 is divided by 201.
160
What is the remainder when 1466 is divided by 464?
74
Calculate the remainder when 540789 is divided by 348.
345
What is the remainder when 21503 is divided by 319?
130
Calculate the remainder when 45530 is divided by 362.
280
Calculate the remainder when 78609 is divided by 45.
39
Calculate the remainder when 5038 is divided by 43.
7
What is the remainder when 1595 is divided by 765?
65
Calculate the remainder when 43574 is divided by 21642.
290
Calculate the remainder when 415512 is divided by 7.
6
What is the remainder when 25842 is divided by 519?
411
What is the remainder when 40826 is divided by 1167?
1148
Calculate the remainder when 24371 is divided by 40.
11
What is the remainder when 362598 is divided by 22662?
6
Calculate the remainder when 931 is divided by 28.
7
What is the remainder when 1373557 is divided by 107?
105
What is the remainder when 7265 is divided by 317?
291
What is the remainder when 203632 is divided by 18?
16
Calculate the remainder when 2105 is divided by 684.
53
What is the remainder when 992 is divided by 109?
11
What is the remainder when 9205 is divided by 1841?
0
What is the remainder when 593933 is divided by 145?
13
Calculate the remainder when 74160 is divided by 52.
8
Calculate the remainder when 2898 is divided by 92.
46
Calculate the remainder when 10965 is divided by 11.
9
Calculate the remainder when 214654 is divided by 13.
11
What is the remainder when 8583 is divided by 130?
3
Calculate the remainder when 370022 is divided by 25.
22
What is the remainder when 395844 is divided by 13?
7
Calculate the remainder when 2769174 is divided by 2155.
2154
What is the remainder when 44419 is divided by 51?
49
Calculate the remainder when 1252 is divided by 108.
64
Calculate the remainder when 8400166 is divided by 504.
502
What is the remainder when 82949 is divided by 93?
86
Calculate the remainder when 54573 is divided by 3210.
3
Calculate the remainder when 7054 is divided by 5.
4
What is the remainder when 21590 is divided by 9?
8
What is the remainder when 8473 is divided by 19?
18
Calculate the remainder when 32099 is divided by 15963.
173
What is the remainder when 328039 is divided by 420?
19
What is the remainder when 177067 is divided by 233?
220
Calculate the remainder when 3365 is divided by 3256.
109
What is the remainder when 109056 is divided by 191?
186
What is the remainder when 49 is divided by 7?
0
Calculate the remainder when 27103 is divided by 9.
4
Calculate the remainder when 118703 is divided by 503.
498
Calculate the remainder when 4979 is divided by 38.
1
Calculate the remainder when 17720 is divided by 537.
536
Calculate the remainder when 719 is divided by 713.
6
What is the remainder when 4080 is divided by 301?
167
Calculate the remainder when 24295 is divided by 86.
43
Calculate the remainder when 577 is divided by 5.
2
What is the remainder when 118 is divided by 3?
1
What is the remainder when 4564 is divided by 1140?
4
Calculate the remainder when 261790 is divided by 96.
94
Calculate the remainder when 75779 is divided by 691.
460
What is the remainder when 105458 is divided by 427?
416
What is the remainder when 6066 is divided by 692?
530
Calculate the remainder when 51696 is divided by 2066.
46
Calculate the remainder when 2222 is divided by 1067.
88
Calculate the remainder when 1187 is divided by 167.
18
What is the remainder when 1183 is divided by 52?
39
What is the remainder when 14922 is divided by 12?
6
What is the remainder when 1547 is divided by 262?
237
What is the remainder when 26050 is divided by 357?
346
What is the remainder when 2362 is divided by 267?
226
What is the remainder when 1710 is divided by 145?
115
Calculate the remainder when 32997 is divided by 1326.
1173
Calculate the remainder when 1402 is divided by 62.
38
What is the remainder when 2688 is divided by 2037?
651
Calculate the remainder when 2042 is divided by 786.
470
What is the remainder when 15958 is divided by 228?
226
Calculate the remainder when 14526 is divided by 195.
96
What is the remainder when 14664 is divided by 1820?
104
Calculate the remainder when 11211 is divided by 92.
79
Calculate the remainder when 3024103 is divided by 172.
171
Calculate the remainder when 13495 is divided by 473.
251
What is the remainder when 13586 is divided by 6787?
12
Calculate the remainder when 9313 is divided by 4514.
285
What is the remainder when 6525 is divided by 1774?
1203
Calculate the remainder when 1180 is divided by 133.
116
What is the remainder when 6366 is divided by 27?
21
What is the remainder when 149363 is divided by 922?
921
What is the remainder when 1582 is divided by 176?
174
What is the remainder when 7610 is divided by 632?
26
What is the remainder when 9220 is divided by 134?
108
Calculate the remainder when 5498 is divided by 55.
53
Calculate the remainder when 306 is divided by 60.
6
What is the remainder when 2171 is divided by 41?
39
Calculate the remainder when 143277 is divided by 76.
17
Calculate the remainder when 4882032 is divided by 42.
36
Calculate the remainder when 1613 is divided by 63.
38
Calculate the remainder when 4690 is divided by 2014.
662
Calculate the remainder when 220703 is divided by 98.
7
What is the remainder when 172050 is divided by 63?
60
Calculate the remainder when 71422 is divided by 12.
10
Calculate the remainder when 783 is divided by 670.
113
Calculate the remainder when 281720 is divided by 140854.
12
What is the remainder when 252559 is divided by 33?
10
What is the remainder when 1367 is divided by 577?
213
Calculate the remainder when 5534 is divided by 512.
414
Calculate the remainder when 4302 is divided by 393.
372
What is the remainder when 1490147 is divided by 1549?
9
Calculate the remainder when 275350 is divided by 211.
206
Calculate the remainder when 747 is divided by 322.
103
What is the remainder when 2133 is divided by 472?
245
Calculate the remainder when 155748 is divided by 445.
443
What is the remainder when 3663 is divided by 382?
225
Calculate the remainder when 3656 is divided by 189.
65
Calculate the remainder when 66820 is divided by 41.
31
What is the remainder when 319617 is divided by 19?
18
What is the remainder when 6008 is divided by 57?
23
Calculate the remainder when 1623 is divided by 66.
39
Calculate the remainder when 24823 is divided by 20.
3
What is the remainder when 2438 is divided by 226?
178
What is the remainder when 7786 is divided by 3?
1
What is the remainder when 49355 is divided by 2903?
4
What is the remainder when 38368 is divided by 492?
484
Calculate the remainder when 17705 is divided by 301.
247
Calculate the remainder when 18221 is divided by 268.
265
What is the remainder when 592575 is divided by 7797?
3
Calculate the remainder when 38607 is divided by 12860.
27
Calculate the remainder when 24852 is divided by 590.
72
What is the remainder when 24565 is divided by 31?
13
Calculate the remainder when 3191 is divided by 19.
18
What is the remainder when 45391 is divided by 315?
31
What is the remainder when 7129 is divided by 3562?
5
Calculate the remainder when 7801 is divided by 10.
1
Calculate the re